{"id":3146,"date":"2025-06-26T14:17:37","date_gmt":"2025-06-26T12:17:37","guid":{"rendered":"https:\/\/www.apras.org\/?post_type=document&#038;p=3146"},"modified":"2025-06-26T14:17:38","modified_gmt":"2025-06-26T12:17:38","slug":"observatoire-de-la-delinquance-et-des-violences-sexistes-et-sexuelles-donnees-2024","status":"publish","type":"document","link":"https:\/\/www.apras.org\/en\/documents\/observatoire-de-la-delinquance-et-des-violences-sexistes-et-sexuelles-donnees-2024\/","title":{"rendered":"Observatoire de la D\u00e9linquance et des Violences Sexistes et Sexuelles &#8211; Donn\u00e9es 2024"},"content":{"rendered":"\n<p>Le rapport annuel 2024 r\u00e9alis\u00e9 par L\u2019APRAS a \u00e9t\u00e9 pr\u00e9sent\u00e9 \u00e0 l\u2019Assembl\u00e9e pl\u00e9ni\u00e8re du Conseil Local de S\u00e9curit\u00e9 et de Pr\u00e9vention de la D\u00e9linquance le 26 juin 2025.<\/p>\n\n\n\n<p><\/p>\n\n\n\n<p><strong>Ce rapport est consultable :<\/strong> <\/p>\n\n\n\n<p><a href=\"https:\/\/www.apras.org\/wp-content\/uploads\/2025\/06\/CLSPD_2025_WEB.pdf\" target=\"_blank\" rel=\"noreferrer noopener\">Rapport 2025 des donn\u00e9es 2024 &#8211; Observatoire de la D\u00e9linquance et des Violences Sexistes et Sexuelles<\/a><\/p>\n\n\n<div class=\"wp-block-image\">\n<figure class=\"aligncenter size-full is-resized\"><a href=\"https:\/\/www.apras.org\/wp-content\/uploads\/2025\/06\/CLSPD_2025_WEB.pdf\" target=\"_blank\" rel=\" noreferrer noopener\"><img decoding=\"async\" width=\"446\" height=\"631\" data-src=\"https:\/\/www.apras.org\/wp-content\/uploads\/2025\/06\/CLSPD_2025_COUVERTURE.png\" alt=\"\" class=\"wp-image-3147 lazyload\" style=\"--smush-placeholder-width: 446px; --smush-placeholder-aspect-ratio: 446\/631;object-fit:cover;width:479px;height:677px\" data-srcset=\"https:\/\/www.apras.org\/wp-content\/uploads\/2025\/06\/CLSPD_2025_COUVERTURE.png 446w, https:\/\/www.apras.org\/wp-content\/uploads\/2025\/06\/CLSPD_2025_COUVERTURE-212x300.png 212w\" data-sizes=\"(max-width: 446px) 100vw, 446px\" src=\"data:image\/svg+xml;base64,PHN2ZyB3aWR0aD0iMSIgaGVpZ2h0PSIxIiB4bWxucz0iaHR0cDovL3d3dy53My5vcmcvMjAwMC9zdmciPjwvc3ZnPg==\" \/><\/a><\/figure>\n<\/div>","protected":false},"featured_media":2860,"template":"","type_document":[],"class_list":["post-3146","document","type-document","status-publish","has-post-thumbnail","hentry"],"acf":[],"yoast_head":"<!-- This site is optimized with the Yoast SEO plugin v27.3 - https:\/\/yoast.com\/product\/yoast-seo-wordpress\/ -->\n<title>Observatoire de la D\u00e9linquance et des Violences Sexistes et Sexuelles - Donn\u00e9es 2024 - APRAS<\/title>\n<meta name=\"robots\" content=\"index, follow, max-snippet:-1, max-image-preview:large, max-video-preview:-1\" \/>\n<link rel=\"canonical\" href=\"https:\/\/www.apras.org\/documents\/observatoire-de-la-delinquance-et-des-violences-sexistes-et-sexuelles-donnees-2024\/\" \/>\n<meta property=\"og:locale\" content=\"en_US\" \/>\n<meta property=\"og:type\" content=\"article\" \/>\n<meta property=\"og:title\" content=\"Observatoire de la D\u00e9linquance et des Violences Sexistes et Sexuelles - Donn\u00e9es 2024 - APRAS\" \/>\n<meta property=\"og:description\" content=\"Le rapport annuel 2024 r\u00e9alis\u00e9 par L\u2019APRAS a \u00e9t\u00e9 pr\u00e9sent\u00e9 \u00e0 l\u2019Assembl\u00e9e pl\u00e9ni\u00e8re du Conseil Local de S\u00e9curit\u00e9 et de Pr\u00e9vention de la D\u00e9linquance le 26 juin 2025. Ce rapport est consultable : Rapport 2025 des donn\u00e9es 2024 &#8211; Observatoire de la D\u00e9linquance et des Violences Sexistes et Sexuelles\" \/>\n<meta property=\"og:url\" content=\"https:\/\/www.apras.org\/documents\/observatoire-de-la-delinquance-et-des-violences-sexistes-et-sexuelles-donnees-2024\/\" \/>\n<meta property=\"og:site_name\" content=\"APRAS\" \/>\n<meta property=\"article:modified_time\" content=\"2025-06-26T12:17:38+00:00\" \/>\n<meta property=\"og:image\" content=\"https:\/\/www.apras.org\/wp-content\/uploads\/2024\/09\/clspd_site_apras.png\" \/>\n\t<meta property=\"og:image:width\" content=\"791\" \/>\n\t<meta property=\"og:image:height\" content=\"712\" \/>\n\t<meta property=\"og:image:type\" content=\"image\/png\" \/>\n<meta name=\"twitter:card\" content=\"summary_large_image\" \/>\n<meta name=\"twitter:label1\" content=\"Est. reading time\" \/>\n\t<meta name=\"twitter:data1\" content=\"1 minute\" \/>\n<script type=\"application\/ld+json\" class=\"yoast-schema-graph\">{\"@context\":\"https:\\\/\\\/schema.org\",\"@graph\":[{\"@type\":\"WebPage\",\"@id\":\"https:\\\/\\\/www.apras.org\\\/documents\\\/observatoire-de-la-delinquance-et-des-violences-sexistes-et-sexuelles-donnees-2024\\\/\",\"url\":\"https:\\\/\\\/www.apras.org\\\/documents\\\/observatoire-de-la-delinquance-et-des-violences-sexistes-et-sexuelles-donnees-2024\\\/\",\"name\":\"Observatoire de la D\u00e9linquance et des Violences Sexistes et Sexuelles - Donn\u00e9es 2024 - APRAS\",\"isPartOf\":{\"@id\":\"https:\\\/\\\/www.apras.org\\\/#website\"},\"primaryImageOfPage\":{\"@id\":\"https:\\\/\\\/www.apras.org\\\/documents\\\/observatoire-de-la-delinquance-et-des-violences-sexistes-et-sexuelles-donnees-2024\\\/#primaryimage\"},\"image\":{\"@id\":\"https:\\\/\\\/www.apras.org\\\/documents\\\/observatoire-de-la-delinquance-et-des-violences-sexistes-et-sexuelles-donnees-2024\\\/#primaryimage\"},\"thumbnailUrl\":\"https:\\\/\\\/www.apras.org\\\/wp-content\\\/uploads\\\/2024\\\/09\\\/clspd_site_apras.png\",\"datePublished\":\"2025-06-26T12:17:37+00:00\",\"dateModified\":\"2025-06-26T12:17:38+00:00\",\"breadcrumb\":{\"@id\":\"https:\\\/\\\/www.apras.org\\\/documents\\\/observatoire-de-la-delinquance-et-des-violences-sexistes-et-sexuelles-donnees-2024\\\/#breadcrumb\"},\"inLanguage\":\"en-US\",\"potentialAction\":[{\"@type\":\"ReadAction\",\"target\":[\"https:\\\/\\\/www.apras.org\\\/documents\\\/observatoire-de-la-delinquance-et-des-violences-sexistes-et-sexuelles-donnees-2024\\\/\"]}]},{\"@type\":\"ImageObject\",\"inLanguage\":\"en-US\",\"@id\":\"https:\\\/\\\/www.apras.org\\\/documents\\\/observatoire-de-la-delinquance-et-des-violences-sexistes-et-sexuelles-donnees-2024\\\/#primaryimage\",\"url\":\"https:\\\/\\\/www.apras.org\\\/wp-content\\\/uploads\\\/2024\\\/09\\\/clspd_site_apras.png\",\"contentUrl\":\"https:\\\/\\\/www.apras.org\\\/wp-content\\\/uploads\\\/2024\\\/09\\\/clspd_site_apras.png\",\"width\":791,\"height\":712},{\"@type\":\"BreadcrumbList\",\"@id\":\"https:\\\/\\\/www.apras.org\\\/documents\\\/observatoire-de-la-delinquance-et-des-violences-sexistes-et-sexuelles-donnees-2024\\\/#breadcrumb\",\"itemListElement\":[{\"@type\":\"ListItem\",\"position\":1,\"name\":\"Accueil\",\"item\":\"https:\\\/\\\/www.apras.org\\\/\"},{\"@type\":\"ListItem\",\"position\":2,\"name\":\"Documents\",\"item\":\"https:\\\/\\\/www.apras.org\\\/documents\\\/\"},{\"@type\":\"ListItem\",\"position\":3,\"name\":\"Observatoire de la D\u00e9linquance et des Violences Sexistes et Sexuelles &#8211; Donn\u00e9es 2024\"}]},{\"@type\":\"WebSite\",\"@id\":\"https:\\\/\\\/www.apras.org\\\/#website\",\"url\":\"https:\\\/\\\/www.apras.org\\\/\",\"name\":\"APRAS\",\"description\":\"Le social partag\u00e9\",\"publisher\":{\"@id\":\"https:\\\/\\\/www.apras.org\\\/#organization\"},\"potentialAction\":[{\"@type\":\"SearchAction\",\"target\":{\"@type\":\"EntryPoint\",\"urlTemplate\":\"https:\\\/\\\/www.apras.org\\\/?s={search_term_string}\"},\"query-input\":{\"@type\":\"PropertyValueSpecification\",\"valueRequired\":true,\"valueName\":\"search_term_string\"}}],\"inLanguage\":\"en-US\"},{\"@type\":\"Organization\",\"@id\":\"https:\\\/\\\/www.apras.org\\\/#organization\",\"name\":\"APRAS\",\"url\":\"https:\\\/\\\/www.apras.org\\\/\",\"logo\":{\"@type\":\"ImageObject\",\"inLanguage\":\"en-US\",\"@id\":\"https:\\\/\\\/www.apras.org\\\/#\\\/schema\\\/logo\\\/image\\\/\",\"url\":\"https:\\\/\\\/www.apras.org\\\/wp-content\\\/uploads\\\/2020\\\/12\\\/logo-apras.svg\",\"contentUrl\":\"https:\\\/\\\/www.apras.org\\\/wp-content\\\/uploads\\\/2020\\\/12\\\/logo-apras.svg\",\"width\":1,\"height\":1,\"caption\":\"APRAS\"},\"image\":{\"@id\":\"https:\\\/\\\/www.apras.org\\\/#\\\/schema\\\/logo\\\/image\\\/\"}}]}<\/script>\n<!-- \/ Yoast SEO plugin. -->","yoast_head_json":{"title":"Observatoire de la D\u00e9linquance et des Violences Sexistes et Sexuelles - Donn\u00e9es 2024 - APRAS","robots":{"index":"index","follow":"follow","max-snippet":"max-snippet:-1","max-image-preview":"max-image-preview:large","max-video-preview":"max-video-preview:-1"},"canonical":"https:\/\/www.apras.org\/documents\/observatoire-de-la-delinquance-et-des-violences-sexistes-et-sexuelles-donnees-2024\/","og_locale":"en_US","og_type":"article","og_title":"Observatoire de la D\u00e9linquance et des Violences Sexistes et Sexuelles - Donn\u00e9es 2024 - APRAS","og_description":"Le rapport annuel 2024 r\u00e9alis\u00e9 par L\u2019APRAS a \u00e9t\u00e9 pr\u00e9sent\u00e9 \u00e0 l\u2019Assembl\u00e9e pl\u00e9ni\u00e8re du Conseil Local de S\u00e9curit\u00e9 et de Pr\u00e9vention de la D\u00e9linquance le 26 juin 2025. Ce rapport est consultable : Rapport 2025 des donn\u00e9es 2024 &#8211; Observatoire de la D\u00e9linquance et des Violences Sexistes et Sexuelles","og_url":"https:\/\/www.apras.org\/documents\/observatoire-de-la-delinquance-et-des-violences-sexistes-et-sexuelles-donnees-2024\/","og_site_name":"APRAS","article_modified_time":"2025-06-26T12:17:38+00:00","og_image":[{"width":791,"height":712,"url":"https:\/\/www.apras.org\/wp-content\/uploads\/2024\/09\/clspd_site_apras.png","type":"image\/png"}],"twitter_card":"summary_large_image","twitter_misc":{"Est. reading time":"1 minute"},"schema":{"@context":"https:\/\/schema.org","@graph":[{"@type":"WebPage","@id":"https:\/\/www.apras.org\/documents\/observatoire-de-la-delinquance-et-des-violences-sexistes-et-sexuelles-donnees-2024\/","url":"https:\/\/www.apras.org\/documents\/observatoire-de-la-delinquance-et-des-violences-sexistes-et-sexuelles-donnees-2024\/","name":"Observatoire de la D\u00e9linquance et des Violences Sexistes et Sexuelles - Donn\u00e9es 2024 - APRAS","isPartOf":{"@id":"https:\/\/www.apras.org\/#website"},"primaryImageOfPage":{"@id":"https:\/\/www.apras.org\/documents\/observatoire-de-la-delinquance-et-des-violences-sexistes-et-sexuelles-donnees-2024\/#primaryimage"},"image":{"@id":"https:\/\/www.apras.org\/documents\/observatoire-de-la-delinquance-et-des-violences-sexistes-et-sexuelles-donnees-2024\/#primaryimage"},"thumbnailUrl":"https:\/\/www.apras.org\/wp-content\/uploads\/2024\/09\/clspd_site_apras.png","datePublished":"2025-06-26T12:17:37+00:00","dateModified":"2025-06-26T12:17:38+00:00","breadcrumb":{"@id":"https:\/\/www.apras.org\/documents\/observatoire-de-la-delinquance-et-des-violences-sexistes-et-sexuelles-donnees-2024\/#breadcrumb"},"inLanguage":"en-US","potentialAction":[{"@type":"ReadAction","target":["https:\/\/www.apras.org\/documents\/observatoire-de-la-delinquance-et-des-violences-sexistes-et-sexuelles-donnees-2024\/"]}]},{"@type":"ImageObject","inLanguage":"en-US","@id":"https:\/\/www.apras.org\/documents\/observatoire-de-la-delinquance-et-des-violences-sexistes-et-sexuelles-donnees-2024\/#primaryimage","url":"https:\/\/www.apras.org\/wp-content\/uploads\/2024\/09\/clspd_site_apras.png","contentUrl":"https:\/\/www.apras.org\/wp-content\/uploads\/2024\/09\/clspd_site_apras.png","width":791,"height":712},{"@type":"BreadcrumbList","@id":"https:\/\/www.apras.org\/documents\/observatoire-de-la-delinquance-et-des-violences-sexistes-et-sexuelles-donnees-2024\/#breadcrumb","itemListElement":[{"@type":"ListItem","position":1,"name":"Accueil","item":"https:\/\/www.apras.org\/"},{"@type":"ListItem","position":2,"name":"Documents","item":"https:\/\/www.apras.org\/documents\/"},{"@type":"ListItem","position":3,"name":"Observatoire de la D\u00e9linquance et des Violences Sexistes et Sexuelles &#8211; Donn\u00e9es 2024"}]},{"@type":"WebSite","@id":"https:\/\/www.apras.org\/#website","url":"https:\/\/www.apras.org\/","name":"APRAS","description":"Le social partag\u00e9","publisher":{"@id":"https:\/\/www.apras.org\/#organization"},"potentialAction":[{"@type":"SearchAction","target":{"@type":"EntryPoint","urlTemplate":"https:\/\/www.apras.org\/?s={search_term_string}"},"query-input":{"@type":"PropertyValueSpecification","valueRequired":true,"valueName":"search_term_string"}}],"inLanguage":"en-US"},{"@type":"Organization","@id":"https:\/\/www.apras.org\/#organization","name":"APRAS","url":"https:\/\/www.apras.org\/","logo":{"@type":"ImageObject","inLanguage":"en-US","@id":"https:\/\/www.apras.org\/#\/schema\/logo\/image\/","url":"https:\/\/www.apras.org\/wp-content\/uploads\/2020\/12\/logo-apras.svg","contentUrl":"https:\/\/www.apras.org\/wp-content\/uploads\/2020\/12\/logo-apras.svg","width":1,"height":1,"caption":"APRAS"},"image":{"@id":"https:\/\/www.apras.org\/#\/schema\/logo\/image\/"}}]}},"_links":{"self":[{"href":"https:\/\/www.apras.org\/en\/wp-json\/wp\/v2\/document\/3146","targetHints":{"allow":["GET"]}}],"collection":[{"href":"https:\/\/www.apras.org\/en\/wp-json\/wp\/v2\/document"}],"about":[{"href":"https:\/\/www.apras.org\/en\/wp-json\/wp\/v2\/types\/document"}],"wp:featuredmedia":[{"embeddable":true,"href":"https:\/\/www.apras.org\/en\/wp-json\/wp\/v2\/media\/2860"}],"wp:attachment":[{"href":"https:\/\/www.apras.org\/en\/wp-json\/wp\/v2\/media?parent=3146"}],"wp:term":[{"taxonomy":"type_document","embeddable":true,"href":"https:\/\/www.apras.org\/en\/wp-json\/wp\/v2\/type_document?post=3146"}],"curies":[{"name":"wp","href":"https:\/\/api.w.org\/{rel}","templated":true}]}}

Observatoire de la Délinquance et des Violences Sexistes et Sexuelles &#8211; Données 2024

<p>Le rapport annuel 2024 réalisé par L’APRAS a été présenté à l’Assemblée plénière du Conseil Local de Sécurité et de Prévention de la Délinquance le 26 juin 2025.</p>



<p></p>



<p><strong>Ce rapport est consultable :</strong> </p>



<p><a href="https://www.apras.org/wp-content/uploads/2025/06/CLSPD_2025_WEB.pdf" target="_blank" rel="noreferrer noopener">Rapport 2025 des données 2024 &#8211; Observatoire de la Délinquance et des Violences Sexistes et Sexuelles</a></p>


<div class="wp-block-image">
<figure class="aligncenter size-full is-resized"><a href="https://www.apras.org/wp-content/uploads/2025/06/CLSPD_2025_WEB.pdf" target="_blank" rel=" noreferrer noopener"><img decoding="async" width="446" height="631" data-src="https://www.apras.org/wp-content/uploads/2025/06/CLSPD_2025_COUVERTURE.png" alt="" class="wp-image-3147 lazyload" style="--smush-placeholder-width: 446px; --smush-placeholder-aspect-ratio: 446/631;object-fit:cover;width:479px;height:677px" data-srcset="https://www.apras.org/wp-content/uploads/2025/06/CLSPD_2025_COUVERTURE.png 446w, https://www.apras.org/wp-content/uploads/2025/06/CLSPD_2025_COUVERTURE-212x300.png 212w" data-sizes="(max-width: 446px) 100vw, 446px" src="data:image/svg+xml;base64,PHN2ZyB3aWR0aD0iMSIgaGVpZ2h0PSIxIiB4bWxucz0iaHR0cDovL3d3dy53My5vcmcvMjAwMC9zdmciPjwvc3ZnPg==" /></a></figure>
</div>

<!-- This site is optimized with the Yoast SEO plugin v27.3 - https://yoast.com/product/yoast-seo-wordpress/ -->
<title>Observatoire de la Délinquance et des Violences Sexistes et Sexuelles - Données 2024 - APRAS</title>
<meta name="robots" content="index, follow, max-snippet:-1, max-image-preview:large, max-video-preview:-1" />
<link rel="canonical" href="https://www.apras.org/documents/observatoire-de-la-delinquance-et-des-violences-sexistes-et-sexuelles-donnees-2024/" />
<meta property="og:locale" content="en_US" />
<meta property="og:type" content="article" />
<meta property="og:title" content="Observatoire de la Délinquance et des Violences Sexistes et Sexuelles - Données 2024 - APRAS" />
<meta property="og:description" content="Le rapport annuel 2024 réalisé par L’APRAS a été présenté à l’Assemblée plénière du Conseil Local de Sécurité et de Prévention de la Délinquance le 26 juin 2025. Ce rapport est consultable : Rapport 2025 des données 2024 &#8211; Observatoire de la Délinquance et des Violences Sexistes et Sexuelles" />
<meta property="og:url" content="https://www.apras.org/documents/observatoire-de-la-delinquance-et-des-violences-sexistes-et-sexuelles-donnees-2024/" />
<meta property="og:site_name" content="APRAS" />
<meta property="article:modified_time" content="2025-06-26T12:17:38+00:00" />
<meta property="og:image" content="https://www.apras.org/wp-content/uploads/2024/09/clspd_site_apras.png" />
	<meta property="og:image:width" content="791" />
	<meta property="og:image:height" content="712" />
	<meta property="og:image:type" content="image/png" />
<meta name="twitter:card" content="summary_large_image" />
<meta name="twitter:label1" content="Est. reading time" />
	<meta name="twitter:data1" content="1 minute" />
<script type="application/ld+json" class="yoast-schema-graph">{"@context":"https:\/\/schema.org","@graph":[{"@type":"WebPage","@id":"https:\/\/www.apras.org\/documents\/observatoire-de-la-delinquance-et-des-violences-sexistes-et-sexuelles-donnees-2024\/","url":"https:\/\/www.apras.org\/documents\/observatoire-de-la-delinquance-et-des-violences-sexistes-et-sexuelles-donnees-2024\/","name":"Observatoire de la Délinquance et des Violences Sexistes et Sexuelles - Données 2024 - APRAS","isPartOf":{"@id":"https:\/\/www.apras.org\/#website"},"primaryImageOfPage":{"@id":"https:\/\/www.apras.org\/documents\/observatoire-de-la-delinquance-et-des-violences-sexistes-et-sexuelles-donnees-2024\/#primaryimage"},"image":{"@id":"https:\/\/www.apras.org\/documents\/observatoire-de-la-delinquance-et-des-violences-sexistes-et-sexuelles-donnees-2024\/#primaryimage"},"thumbnailUrl":"https:\/\/www.apras.org\/wp-content\/uploads\/2024\/09\/clspd_site_apras.png","datePublished":"2025-06-26T12:17:37+00:00","dateModified":"2025-06-26T12:17:38+00:00","breadcrumb":{"@id":"https:\/\/www.apras.org\/documents\/observatoire-de-la-delinquance-et-des-violences-sexistes-et-sexuelles-donnees-2024\/#breadcrumb"},"inLanguage":"en-US","potentialAction":[{"@type":"ReadAction","target":["https:\/\/www.apras.org\/documents\/observatoire-de-la-delinquance-et-des-violences-sexistes-et-sexuelles-donnees-2024\/"]}]},{"@type":"ImageObject","inLanguage":"en-US","@id":"https:\/\/www.apras.org\/documents\/observatoire-de-la-delinquance-et-des-violences-sexistes-et-sexuelles-donnees-2024\/#primaryimage","url":"https:\/\/www.apras.org\/wp-content\/uploads\/2024\/09\/clspd_site_apras.png","contentUrl":"https:\/\/www.apras.org\/wp-content\/uploads\/2024\/09\/clspd_site_apras.png","width":791,"height":712},{"@type":"BreadcrumbList","@id":"https:\/\/www.apras.org\/documents\/observatoire-de-la-delinquance-et-des-violences-sexistes-et-sexuelles-donnees-2024\/#breadcrumb","itemListElement":[{"@type":"ListItem","position":1,"name":"Accueil","item":"https:\/\/www.apras.org\/"},{"@type":"ListItem","position":2,"name":"Documents","item":"https:\/\/www.apras.org\/documents\/"},{"@type":"ListItem","position":3,"name":"Observatoire de la Délinquance et des Violences Sexistes et Sexuelles &#8211; Données 2024"}]},{"@type":"WebSite","@id":"https:\/\/www.apras.org\/#website","url":"https:\/\/www.apras.org\/","name":"APRAS","description":"Le social partagé","publisher":{"@id":"https:\/\/www.apras.org\/#organization"},"potentialAction":[{"@type":"SearchAction","target":{"@type":"EntryPoint","urlTemplate":"https:\/\/www.apras.org\/?s={search_term_string}"},"query-input":{"@type":"PropertyValueSpecification","valueRequired":true,"valueName":"search_term_string"}}],"inLanguage":"en-US"},{"@type":"Organization","@id":"https:\/\/www.apras.org\/#organization","name":"APRAS","url":"https:\/\/www.apras.org\/","logo":{"@type":"ImageObject","inLanguage":"en-US","@id":"https:\/\/www.apras.org\/#\/schema\/logo\/image\/","url":"https:\/\/www.apras.org\/wp-content\/uploads\/2020\/12\/logo-apras.svg","contentUrl":"https:\/\/www.apras.org\/wp-content\/uploads\/2020\/12\/logo-apras.svg","width":1,"height":1,"caption":"APRAS"},"image":{"@id":"https:\/\/www.apras.org\/#\/schema\/logo\/image\/"}}]}</script>
<!-- / Yoast SEO plugin. -->

Observatoire de la Délinquance et des Violences Sexistes et Sexuelles - Données 2024 - APRAS

Le rapport annuel 2024 réalisé par L’APRAS a été présenté à l’Assemblée plénière du Conseil Local de Sécurité et de Prévention de la Délinquance le 26 juin 2025. Ce rapport est consultable : Rapport 2025 des données 2024 &#8211; Observatoire de la Délinquance et des Violences Sexistes et Sexuelles

Le social partagé
